16155060
In base 12, what is -291 + -91a3?
-9474
In base 14, what is 1637 - 1459?
1bc
In base 7, what is 212350343 - -326?
212351002
In base 13, what is b549ab38 + -3?
b549ab35
In base 16, what is 2efd65 + -4?
2efd61
In base 4, what is -3010 + -10322011?
-10331021
In base 16, what is 2d - 1a0f70?
-1a0f43
In base 4, what is -3 + -112133002202133?
-112133002202202
In base 4, what is -103 + 20203332330?
20203332221
In base 5, what is 233 + -11310123304?
-11310123021
In base 6, what is 10524031552 + 1?
10524031553
In base 3, what is 12202012 - 111020221112?
-111001012100
In base 16, what is -234b40d + -3?
-234b410
In base 4, what is 0 - -1100323330?
1100323330
In base 6, what is -524544 - -10105?
-514435
In base 14, what is 170c + 14966?
16274
In base 5, what is 0 - 1032403321302?
-1032403321302
In base 13, what is 80 - -49151?
49201
In base 3, what is 2 - -211220112212220?
211220112212222
In base 10, what is 445456 + 0?
445456
In base 13, what is 631289 + -283?
631006
In base 2, what is 10111001011000110001 - 110000101?
10111001010010101100
In base 10, what is 9071 + 254?
9325
In base 15, what is -214 - 326d?
-3482
In base 16, what is 17 - 2e2f3?
-2e2dc
In base 8, what is 1346435611 - -2?
1346435613
In base 7, what is 15 + 36144650?
36144665
In base 14, what is 8c + -123d97?
-123d09
In base 9, what is 15817 - -623?
16541
In base 7, what is -3650054 + -3?
-3650060
In base 12, what is 11 + 28b8a4?
28b8b5
In base 10, what is 574277819 + 2?
574277821
In base 16, what is 115c97 + b?
115ca2
In base 16, what is 8f9d - -e9?
9086
In base 5, what is -2140030 - 431?
-2141011
In base 3, what is 120121011 - -10221022?
201112110
In base 5, what is -31413214431 + 1?
-31413214430
In base 3, what is 110101210221 - 10101?
110101200120
In base 6, what is -2 + 2222030?
2222024
In base 2, what is -100001111 - -10101010000101100?
10101001100011101
In base 12, what is -1b11b + 2351?
-1898a
In base 15, what is -8 - -637024c?
6370244
In base 13, what is -41c5ca51 + -3?
-41c5ca54
In base 4, what is 20 - -3233030331?
3233031011
In base 12, what is 469 - 62605?
-62158
In base 8, what is -5 - -56535130?
56535123
In base 10, what is -5917 - 792?
-6709
In base 7, what is 50 - -66410036?
66410116
In base 12, what is 887b4b + 0?
887b4b
In base 10, what is 140391041 - 4?
140391037
In base 2, what is -1000100101 - -100001100110010110?
100001011101110001
In base 11, what is -165139809 + -4?
-165139812
In base 7, what is 26 - -11265361?
11265420
In base 6, what is -131441135 + -42?
-131441221
In base 6, what is 21 + -12012234?
-12012213
In base 2, what is -10110 - 10110110111100011?
-10110110111111001
In base 8, what is 4 - -341521461?
341521465
In base 10, what is -16 + -571856?
-571872
In base 10, what is 49 - 14911?
-14862
In base 13, what is -8a5425 + -1a?
-8a5442
In base 4, what is 10020212 - 22?
10020130
In base 7, what is 4351 - -6303?
13654
In base 8, what is 3 + -33436301?
-33436276
In base 16, what is 83d7a27 + 4?
83d7a2b
In base 14, what is -4435 - 3b75?
-81aa
In base 14, what is 3 + -290685c?
-2906859
In base 4, what is -13020 - -13022212?
13003132
In base 5, what is 10031 + 1014440?
1030021
In base 2, what is -11010001010010 + -101000000?
-11010110010010
In base 5, what is -304220 - -22320?
-231400
In base 2, what is 1001000100101011 - -10001?
1001000100111100
In base 5, what is 34 + -212411433?
-212411344
In base 2, what is -1010101000111000011001001110 + 0?
-1010101000111000011001001110
In base 9, what is -186 + -413278?
-413475
In base 15, what is -2 + -c7062a?
-c7062c
In base 14, what is -4089d + 2d?
-40870
In base 16, what is 2d18eb + -40?
2d18ab
In base 5, what is 3043430 - 4012?
3034413
In base 5, what is 2431 - 3422421?
-3414440
In base 11, what is 1 - 3830633?
-3830632
In base 2, what is 10000 - 100000100101000011?
-100000100100110011
In base 16, what is -21fefb4 + -6?
-21fefba
In base 16, what is -caa - -dd?
-bcd
In base 4, what is -23210301312 + -1?
-23210301313
In base 15, what is -6 + -7acd5?
-7acdb
In base 12, what is 2341b + 9b7?
24216
In base 16, what is -e1116 + -3?
-e1119
In base 16, what is 6 + -23baac?
-23baa6
In base 9, what is 4 + 15818336?
15818341
In base 4, what is -1120 - -11130202?
11123022
In base 5, what is 123234203323 - -2?
123234203330
In base 15, what is 85 + -15819?
-15784
In base 3, what is -1010 + 1201102122021122?
1201102122020112
In base 13, what is 1 - 7898a?
-78989
In base 8, what is 234177 + 44?
234243
In base 15, what is a + -10648a9?
-106489e
In base 5, what is 344 + -11101411?
-11101012
In base 8, what is 32500236 - -4?
32500242
In base 12, what is 42b + 9433a?
94769
In base 12, what is 28ab - 925?
1b86
In base 13, what is 3 + 9319c?
931a2
In base 5, what is -2134 - -203120?
200431
In base 5, what is 233441403 - -24?
233441432
In base 5, what is 0 - -1434012434?
1434012434
In base 8, what is -1 + 12626150?
12626147
In base 15, what is 21d3 + -11b?
20b7
In base 8, what is 506600 - -6162?
514762
In base 11, what is -5a + -329a500?
-329a55a
In base 10, what is 17 + -688571?
-688554
In base 11, what is -151450 - -1a5?
-151256
In base 8, what is 6 - 22442631?
-22442623
In base 15, what is a958371 - 2?
a95836e
In base 11, what is -2886a0a4 - -1?
-2886a0a3
In base 7, what is 6565242 + -355?
6564554
In base 10, what is 2088 - 6828?
-4740
In base 5, what is -144 - -202013134?
202012440
In base 6, what is 1034114354550 - -3?
1034114354553
In base 3, what is -1 - 1011120120112?
-1011120120120
In base 9, what is -65260 + -833?
-66203
In base 16, what is -100 + -4afb?
-4bfb
In base 2, what is -1011100010001011011 + -11101000110?
-1011100101110100001
In base 3, what is 2001201002122 + 10?
2001201002202
In base 5, what is -1003241 - -110?
-1003131
In base 10, what is 1218 - 269?
949
In base 16, what is 250534 - 16?
25051e
In base 4, what is -32112110 + 113103?
-31333001
In base 8, what is 474146 - 1016?
473130
In base 4, what is -11032112103201 + 1?
-11032112103200
In base 6, what is 430543002 + -12?
430542550
In base 3, what is 1222112022021002 + -1?
1222112022021001
In base 9, what is 26441 - 175?
26255
In base 10, what is 2 + -13139057?
-13139055
In base 10, what is -248503 - 26?
-248529
In base 11, what is -9778a96 + 0?
-9778a96
In base 7, what is 2 - 3441426166?
-3441426164
In base 6, what is 53 + 32122142?
32122235
In base 9, what is 28172 - 13343?
14728
In base 14, what is 2 - ba1b8?
-ba1b6
In base 11, what is -5495 - 19320?
-23805
In base 11, what is 5970223 - -1?
5970224
In base 6, what is 52 - 30233234?
-30233142
In base 8, what is 173 - 11234315?
-11234122
In base 14, what is -12b6 - 23b2?
-3688
In base 15, what is 2688 - 6e2?
1e96
In base 15, what is -167739b + a?
-1677391
In base 13, what is 1c2 - a5b39?
-a5947
In base 10, what is -107673 + -443?
-108116
In base 5, what is 31314424232 - -20?
31314424302
In base 13, what is -3 - 622bc93?
-622bc96
In base 13, what is -6138b6 + 0?
-6138b6
In base 10, what is 16009 - 1771?
14238
In base 9, what is -2 - 280842250?
-280842252
In base 5, what is -12421311241 + 2?
-12421311234
In base 5, what is -441 + 1010431?
1004440
In base 7, what is 30100 + 5142?
35242
In base 13, what is -1806 + -a65?
-256b
In base 6, what is 51 - 3125201?
-3125110
In base 12, what is b4036b9 - 2?
b4036b7
In base 11, what is -121 + -a4868?
-a4989
In base 3, what is -12 + -20011012012122?
-20011012012211
In base 4, what is -10233221 + -103233?
-11003120
In base 6, what is -13333 - -52230?
34453
In base 4, what is 22100 - -22311113?
22333213
In base 12, what is 226 + -aa94?
-a86a
In base 6, what is -22101 + -4455?
-31000
In base 9, what is -2 - -4575868?
4575866
In base 14, what is -6dd87 + 32?
-6dd55
In base 6, what is -1 + -101511541?
-101511542
In base 6, what is 41 - 322530425?
-322530344
In base 4, what is 0 - -321010303202?
321010303202
In base 16, what is -1 + 9aa30b?
9aa30a
In base 4, what is -3 - -2222312002?
2222311333
In base 16, what is -397fd - -2f3?
-3950a
In base 12, what is 1a93 + -54173?
-522a0
In base 2, what is -111011110011000010 + -100110?
-111011110011101000
In base 11, what is 2621 + -5763?
-3142
In base 10, what is 39252 - -174?
39426
In base 5, what is 33421142 - 1034?
33420103
In base 16, what is -2 + -158689?
-15868b
In base 4, what is 10 + 33232220310?
33232220320
In base 14, what is